 + 42. What is the highest common factor of 66 and a?
6
Let p = 387 - 193. Suppose -p = -4*j + 2*y, -129 = -5*j - y + 110. Let n(g) = 2*g + 4. Let q be n(6). What is the highest common divisor of j and q?
16
Let h = -570 - -1059. Suppose w + w - h = -5*g, -504 = -5*g + 3*w. Let m(f) = -f**2 - 10*f + 2. Let n be m(-9). What is the highest common divisor of n and g?
11
Let h be 0 + 2/(-7) - (-2680)/70. What is the highest common divisor of 2 and h?
2
Let l = -11 + 24. What is the highest common divisor of l and 117?
13
Let p(x) = -x**2 - 11*x - 6. Let c be p(-6). Suppose -42 + 10 = -2*v. What is the greatest common divisor of v and c?
8
Let b(f) = -5*f - 1. Let u be b(-3). What is the greatest common divisor of 98 and u?
14
Suppose 0 = -0*g + g. Suppose g = w - 3*w - 8. Let i(k) = -k**2 - 4*k + 4. Let q be i(w). What is the highest common divisor of q and 44?
4
Let l = 0 - -3. Suppose -w = l*w. Let x be (w - -1)*4*2. What is the highest common divisor of 2 and x?
2
Let n = 26 - 15. Suppose 3*m - 41 = -n. Let c be ((-96)/20)/((-2)/m). Calculate the highest common divisor of c and 8.
8
Suppose 0 = f + 3*t - 28, 5*f + 2*t - 220 = 7*t. Calculate the highest common divisor of 10 and f.
10
Let z(q) = q + 10. Let f be z(-8). Suppose -5*y - 95 = -5*p, -92 = 2*p - 7*p + f*y. What is the highest common factor of p and 45?
9
Suppose 0 = -2*s + 2*f + 32, -f + 30 = 5*s - 26. Calculate the highest common divisor of s and 84.
12
Let q(z) = 9*z - 3. Let p be q(6). Suppose -4*n - p = 37. Let s = 22 - n. Calculate the greatest common factor of 11 and s.
11
Let s(y) = 62*y**2 - 13*y + 15. Let q(i) = -31*i**2 + 6*i - 7. Let u(j) = -13*q(j) - 6*s(j). Let l be u(-1). Calculate the highest common divisor of 80 and l.
16
Suppose k = 6 - 5. Let q be ((-30)/21)/(k/(-7)). Calculate the highest common factor of 90 and q.
10
Suppose -7 = -5*d + 3. Suppose d*p = 3 + 1. Suppose -22 = p*x - 3*x. Calculate the greatest common divisor of x and 176.
22
Let r(s) be the first derivative of s**4/4 - 7*s**3/3 + 9*s**2/2 - 9*s - 3. Let g be r(6). Calculate the highest common divisor of 27 and g.
9
Let o = 95 - 57. Suppose 0 = -3*k - y + 283, -5*k + 293 = -2*k - 4*y. Calculate the greatest common factor of o and k.
19
Let b be (2 + 0 + 4)/2. Suppose b*z - 315 = -2*z. Calculate the greatest common divisor of 9 and z.
9
Let o = 118 - 67. Let r = o - 15. Let c = r - 24. What is the highest common factor of c and 84?
12
Suppose 4*s - 698 + 194 = 0. Calculate the greatest common factor of 14 and s.
14
Suppose 8 = 5*r + g, 2*r + 0*r = -2*g. What is the greatest common factor of r and 2?
2
Let b(u) = 28*u + 2. Let y be b(1). Let d = y - 18. Calculate the greatest common divisor of d and 12.
12
Suppose -12 = -2*q - 0*q. Let j = 73 - 19. What is the greatest common factor of q and j?
6
Suppose 340 = 8*c - 140. Let i be 2/(-7) + 107/7. Let z be -1*(-6)/i*30. What is the greatest common divisor of c and z?
12
Suppose -5*d + 1 = -k + 8, 0 = -2*k - 2*d + 14. Suppose -3*z + 136 - 133 = 0. Calculate the greatest common factor of z and k.
1
Let y(b) = 100*b**2 - 1. Let x = 8 + -14. Let p be -1*3/x*-2. Let o be y(p). Calculate the highest common divisor of o and 9.
9
Let v = -34 - -47. Suppose -5*y = 3*x - 600, 3*y - x = -0*x + 346. What is the highest common factor of y and v?
13
Suppose -4*b - 71 = -7. Let s = b + 22. Calculate the greatest common factor of 48 and s.
6
Suppose -5*h = -2*j + 3*j + 32, 0 = -3*j + h - 32. Let u = j - -23. Calculate the greatest common factor of 1 and u.
1
Suppose 0 = -2*d + 10 - 4. Let f be 1*(2 + -1)*d. Suppose 2*i + f*i = 50. What is the highest common factor of i and 80?
10
Suppose j = -2*o + 8, -o - 3*j = -4*o - 6. Let t(l) = 2*l**2 + 8*l + 8. Let i be t(-4). What is the greatest common divisor of i and o?
2
Let t = 13 + -13. Suppose 5*r + t*r - 202 = u, 48 = r - 4*u. What is the greatest common factor of 16 and r?
8
Let f be 7/((-14)/20) - -1. Let q = f + 13. Suppose -q*g + 87 = 7. Calculate the greatest common divisor of 4 and g.
4
Let i = 2 - 6. Let v be 4 - (-2)/i*-4. Suppose n = -v*h + 3*h - 5, 19 = 5*n + 4*h. Calculate the highest common factor of 28 and n.
7
Let s = -47 - -50. Let t = -1 - -7. Calculate the highest common divisor of s and t.
3
Let w(j) = j**3 + 12*j**2 - 12*j + 29. Let u be w(-13). Calculate the highest common divisor of 144 and u.
16
Let j be ((-90)/21)/((-6)/84). Calculate the greatest common divisor of 12 and j.
12
Suppose -17 - 18 = -5*t. What is the highest common factor of t and 7?
7
Let v(m) = m**3 + 16*m**2 + 6*m + 19. Let y be v(-15). What is the greatest common divisor of y and 14?
14
Let v(k) = -k + 11. Let w be v(13). Let t be 3/w*(-24)/9. Calculate the greatest common factor of 32 and t.
4
Let n = 4 - 0. Suppose -3*g - 4 = -2*k - 16, n = g + 5*k. Let w = g + 6. What is the greatest common factor of 4 and w?
2
Let p = -14 - -24. Suppose -2*k + 5*k = 30. Calculate the greatest common factor of k and p.
10
Suppose -11 = -b + 3*z, b - 9 = -z - 2. What is the greatest common factor of b and 4?
4
Suppose 0 = 4*f - 5*f + 9. What is the highest common factor of 63 and f?
9
Let r = 1 - -13. Calculate the greatest common factor of r and 2.
2
Let g(p) = 3*p. Let d be g(4). What is the greatest common divisor of d and 192?
12
Let n be 5/(-25) - 42/(-10). What is the highest common factor of n and 28?
4
Let u be (-5)/(-25)*-27*-25. Calculate the greatest common divisor of u and 27.
27
Let n = 3 + -4. Let c be n/((-2)/10)*1. Suppose c = b - 0. Calculate the highest common factor of b and 5.
5
Suppose 4*x + 2*q = 32, 0*x - 4*x - 4*q = -40. Let s(m) = m**2 - 6*m + 11. Let t be s(x). Calculate the greatest common factor of 11 and t.
11
Let m(x) = -x + 1. Let c(p) = -9*p + 7. Let s(z) = -2*c(z) + 10*m(z). Let r be s(2). Calculate the highest common factor of 8 and r.
4
Let c = 9 - 6. Suppose -u - 3*s + 5*s = -30, -c*u + 85 = -5*s. Suppose -3*h + 7 + u = 0. Calculate the highest common divisor of 45 and h.
9
Let o(s) = 8*s**2 + s. Let u be o(-1). Let m = u + 2. Calculate the greatest common factor of m and 1.
1
Suppose -4*h + 5*h + 2 = 0. Let a be ((-1)/h)/((-3)/(-90)). What is the greatest common factor of a and 6?
3
Suppose -4*o + 3*o = -21. Calculate the greatest common divisor of 14 and o.
7
Let a = 118 - 106. Calculate the greatest common factor of a and 30.
6
Let s(q) = -7*q + 53. Let z be s(7). Calculate the highest common factor of 20 and z.
4
Suppose -5*v = -0*v. Suppose v = -w - 0*w + 6. Calculate the greatest common factor of 2 and w.
2
Let n(l) = -11*l - 62. Let w be n(-7). Let h = -70 - -205. Calculate the greatest common divisor of h and w.
15
Suppose 3*h = h + 8. Suppose -3 - 25 = -h*f. Let v be f/(7/96) + 2. What is the highest common divisor of v and 14?
14
Let i be (-1)/4 - (-42)/8. Suppose 3*p - 2*t = 22, -i*p = -4*t - 42 + 6. What is the greatest common factor of p and 20?
4
Let l be (-1 - (-224)/12)*3. Let f = -29 + l. Calculate the greatest common divisor of 72 and f.
24
Suppose -c - 1 + 4 = 0. Suppose -c*q = -7*q + 100. What is the greatest common factor of q and 10?
5
Let j be (20/6)/(4/12). Suppose -3*l = -5*l + 82. Let g = l + -21. Calculate the greatest common divisor of j and g.
10
Suppose -36 = -5*n + 14. Let p = n - 8. Suppose p = 3*f - 2*f. Calculate the greatest common factor of 14 and f.
2
Suppose 23 = d + 4*z, 4*d = -z + 3*z + 20. Calculate the greatest common factor of d and 63.
7
Suppose 2*q = 5*q - 57. Let r = 11 - 4. Suppose 3*d = 9, 4*g + 2*d - r*d - 365 = 0. Calculate the greatest common factor of q and g.
19
Suppose -968 = -4*g + c, -2*g - 2*c - 721 = -5*g. What is the highest common factor of g and 27?
27
Let k = -18 - -30. What is the greatest common divisor of 3 and k?
3
Suppose 5*r = 4*r + 3*f + 77, -4*f = -5*r + 396. Suppose -17 = -2*h - l + 4*l, -65 = -5*h + 3*l. What is the greatest common factor of r and h?
16
Suppose m - 3*m - 3*x + 114 = 0, -m = 3*x - 63. What is the highest common divisor of m and 17?
17
Suppose 2 + 28 = b. Calculate the greatest common factor of 6 and b.
6
Let a(v) = -2*v + 35. Let c be a(14). What is the greatest common divisor of 112 and c?
7
Let c(r) = 7*r**2 + 4*r - 3. Let l be c(-2). Calculate the highest common divisor of l and 119.
17
Let g = -25 - -40. Suppose 0 - g 